 common divisor of g and p?
24
Suppose -341*g + 3508 = -2778 - 875. Let c = 197 - 120. Calculate the highest common factor of c and g.
7
Suppose 0 = -2*y + 7*y - 75. Let n = y + 1. Suppose -409 = -5*r - g, 0 = 2*r - 2359*g + 2355*g - 124. Calculate the highest common factor of n and r.
16
Let i(a) = 6*a**2 - 79*a + 71. Let x be i(15). What is the greatest common divisor of 767 and x?
59
Suppose -49*i - 46056 = -55*i. Calculate the greatest common divisor of i and 152.
76
Let r = -9745 + 9763. Let a = -27 - -63. What is the greatest common factor of a and r?
18
Let f be 1*-2 + 248/4. Let o(n) = -9*n**2 - 139*n - 446. Let d be o(-8). What is the greatest common factor of f and d?
30
Suppose -7*g = 54*g - 16958. What is the greatest common divisor of g and 7367?
139
Let p = 263 + -237. Calculate the greatest common divisor of 7 and p.
1
Let b(q) = q**3 - 9*q**2 - q + 13. Let t = -79 + 68. Let y = -2 - t. Let d be b(y). What is the highest common factor of 4 and d?
4
Suppose 2080 = -17*k + 11481. Calculate the highest common divisor of 21 and k.
7
Let w be (72/12)/(10/18)*510. Calculate the highest common divisor of 729 and w.
81
Let u(p) = -p**3 - 14*p**2 - p + 34. Let r be u(-14). Let k be 5/(35/28) + r. Calculate the highest common factor of k and 20.
4
Let i(c) = c**2 + 30*c + 84. Let y be i(-27). Suppose 36 = j - 3*q, -8*q - 32 = -j - y*q. Calculate the highest common divisor of 63 and j.
21
Let d be ((-4)/22 + (-4)/(-22))/(-3). Suppose d = b - 76 + 25. Calculate the greatest common divisor of b and 68.
17
Suppose 2*j - 4*h - 612 + 118 = 0, 2*j - 2*h = 502. Let x = 11770 - 11764. Suppose -x*l + j = -69. Calculate the highest common factor of 9 and l.
9
Suppose m = 5*b + 50, 0 = -m + 2*b + 44 + 3. Suppose 0 = m*a - 627 - 723. What is the greatest common divisor of a and 480?
30
Let l(u) = 2*u**2 - 14*u - 30. Let n be l(9). Let c be 1 + (-3 - 2) + n. Calculate the highest common factor of c and 18.
2
Let i be 3924/(-96)*4*-8. Calculate the greatest common divisor of i and 24.
12
Let f be 2*1 - 7/14*-116. Let h(n) = -2*n**2 - n - 4. Let v be h(-2). Let o be -1 + v/(-6) - (-5360)/f. What is the highest common divisor of 10 and o?
10
Let w(d) = 244*d + 1243. Let s be w(-5). Calculate the greatest common divisor of 368 and s.
23
Let i = -262 - -267. Suppose 420 = 5*v - 3*b, -3*v - i*b + 218 = -0*b. What is the highest common factor of 6 and v?
3
Suppose 2*n = 3*z - 7 + 46, 2*z - 23 = -n. Suppose 413*q - 422*q - 4*f = -1295, -5*q - 5*f = -700. Calculate the greatest common divisor of q and n.
21
Let j(g) = 5*g**2 - 146*g + 1247. Let h be j(8). What is the greatest common factor of 2163 and h?
21
Let u(y) = -2*y**2 + y + 1. Let l(f) = -23*f**2 + f - 5. Let k(t) = -l(t) + u(t). Let n be k(3). Calculate the highest common factor of 15 and n.
15
Suppose 5*o - 10*o - 4*q = -7554, -q - 7549 = -5*o. What is the greatest common divisor of 1359 and o?
151
Suppose p - 2*n - 1 = 6, -4*p + 4*n + 20 = 0. Suppose -i = -2*i - p*l - 4, 0 = -4*l - 4. Let o = i - -19. Calculate the greatest common divisor of o and 27.
9
Suppose 8*s - 5*g + 14459 = 12*s, g = s - 3626. What is the highest common divisor of 71 and s?
71
Let m = 126 - 137. Let b(g) = -g**3 - 13*g**2 - 20*g + 36. Let d be b(m). Calculate the greatest common divisor of 14 and d.
14
Let w(s) be the second derivative of s**5/20 - 23*s**4/12 - 3*s**3 - 15*s**2 + 2*s + 25. Let c be w(24). What is the highest common factor of c and 38?
38
Suppose -4*z = 0, 2*q + z + 0*z = 10. Let x = 345 + -302. Suppose 0 = 18*k - 137 - x. Calculate the highest common divisor of q and k.
5
Let d = -5581 - -5676. Suppose l = 5*o + 2*l - 72, 0 = o - 4*l - 27. Calculate the highest common divisor of d and o.
5
Let o(a) = 38*a - 519. Let i be o(18). Calculate the greatest common factor of i and 8085.
165
Let p be (-29402)/(-183) - 4/6. What is the greatest common factor of p and 224?
32
Suppose -41*f + 26*f = -1995. Calculate the highest common factor of 56 and f.
7
Let v be (-43 + 2)*(24 - 25) + 2. What is the highest common factor of 4 and v?
1
Let x be 1 + (4/1)/(2/(-4)). Let v = x - -51. Calculate the highest common factor of v and 11.
11
Suppose 0*g + 5*g = -4*o + 2198, -4*g - 2*o + 1756 = 0. Calculate the highest common factor of g and 10293.
219
Let v be (-3486)/(-105) + -1*4/20. Calculate the greatest common divisor of 117 and v.
3
Suppose -5*v = -4*p + 198, -5*v - 295 = -2*p - 91. Let i = v - -53. Let j(y) = -54*y**3 + 1. Let u be j(-1). Calculate the greatest common divisor of u and i.
11
Let z(u) = -11*u + 20. Let j be z(9). Let k(b) = -b**3 - 18*b**2 - 22*b + 24. Let c be k(-17). Let n = j + c. Calculate the highest common factor of 12 and n.
6
Let l = 147 - 127. Suppose 0 = l*v - 531 - 349. Calculate the greatest common divisor of 12 and v.
4
Let w = -16724 - -17314. Calculate the greatest common factor of 4956 and w.
118
Suppose 4*q - 6*x - 5912 = -2*x, -5*q - 3*x + 7406 = 0. Suppose -5*h - 12*f = -7*f - 2480, -f = 3*h - q. What is the highest common factor of 12 and h?
12
Suppose 925 = 674*m - 637*m. Let p be (-16)/(2*(-1)/(-6)). Let r be 2 - 5/(5/p). What is the greatest common divisor of m and r?
25
Suppose -p + 4*f - 8 = 0, -p + 8 = p - 2*f. Suppose -1103 = 10*z - 2219 - 2164. Calculate the highest common factor of z and p.
8
Let u(b) = -8*b**2 + 174*b - 38. Let y be u(13). What is the greatest common factor of 1417 and y?
109
Suppose -497 - 2653 = 25*z. Let w be (189/z)/((-515)/512 - -1). Let o be 30 + (2 - (-1 + 1)). What is the greatest common divisor of w and o?
32
Let r(q) = -69*q**2 - 497*q + 34. Let v be r(-7). Calculate the greatest common factor of v and 572.
44
Suppose 20*n - 3355 = 2*b + 17*n, -n - 8430 = 5*b. Let j = -1056 - b. What is the greatest common factor of j and 51?
17
Let d be (7 + -17)/(-10)*(-36)/(-2). Calculate the greatest common factor of d and 6156.
18
Suppose -261 = 14*r - 1143. Suppose -26*j + r*j - 222 = 0. What is the greatest common divisor of 48 and j?
6
Suppose -j = -856 + 46. What is the highest common divisor of 4536 and j?
162
Suppose 37690 = 171*c - 53767 - 68599. What is the greatest common factor of c and 16?
8
Suppose -34*t + 30*t = 4*m - 524, -4*t = -12. Calculate the greatest common divisor of 9536 and m.
64
Let b(f) = 2*f**3 - 9*f**2 + 5*f - 4. Let s be b(4). Suppose s = -17*k - 6*k + 782. What is the highest common factor of 153 and k?
17
Let k be (4/(-3))/(6/(-234)). Suppose 3*n - 799 + 682 = 0. Calculate the highest common factor of k and n.
13
Let l = -18217 - -18240. Calculate the highest common divisor of 621 and l.
23
Suppose 2*u = 19 + 1. Suppose -m = -p + 4, 3*p + m = 6*p - 10. Let i be p/(6/184) + -7 + 5. What is the greatest common divisor of u and i?
10
Let i be 213 + (-1)/(-1) + (-7 - -3). Let c be ((-84)/5)/(-6*(-2)/i). Let x be 30/75 + (c/5)/(-3). Calculate the highest common divisor of x and 5.
5
Let a(h) = h**2 + 23*h + 123. Let v be a(-18). Let y be 7*v*(13 + -12). What is the highest common factor of 42 and y?
21
Suppose -m - 2*f - 3073 = -10174, 3*m + 5*f = 21300. Calculate the highest common factor of 99 and m.
33
Suppose r = 2*d + 22, 4*d - 60 + 6 = -5*r. Let i(j) = -j**3 + 16*j**2 - 20*j - 67. Let a be i(r). Calculate the greatest common factor of 345 and a.
15
Suppose 9*q - 295 = 803. Let n = q - 119. Suppose 0 = -2*a + 2*r - 5*r + 127, -3*r = -n. Calculate the highest common factor of a and 31.
31
Let z be ((-3)/(-30)*-5)/((-1)/5164) - 2. Calculate the highest common divisor of 220 and z.
20
Let k = -50 + 39. Let o = k + 11. Suppose -17*v + 22*v - 260 = o. Calculate the greatest common factor of 78 and v.
26
Suppose -67*c = -3945 + 126. Let l(v) = -18*v + 2. Let w be l(-2). What is the highest common factor of c and w?
19
Let d = 25 - -11. Suppose -5*v + v = d. Let y be (-154)/(-3)*v/(-6). What is the highest common divisor of y and 7?
7
Suppose -20*y + 320 = -220. Suppose 145 = y*t + 10. What is the greatest common divisor of t and 85?
5
Let q be (-17336)/(-33) + -2*(-5)/6. Calculate the highest common divisor of q and 544.
17
Let c(l) = -54*l**3 - 164*l**2 - 7*l. Let z be c(-3). Calculate the highest common divisor of 1983 and z.
3
Suppose 61 = r + r - p, -20 = -4*p. Suppose -4*v - 21 + r = 0. Suppose 19 = v*d - 8. Calculate the highest c